 is divided by 238.
27
What is the remainder when 6347 is divided by -1 - 147/(-6) - (135/30 - 4)?
22
Let i(s) = -51*s + 1018. What is the remainder when i(17) is divided by 108?
43
Let m = 7138 + -7108. What is the remainder when 279 is divided by m?
9
Suppose -11*c - 15*c = -2046 - 3180. What is the remainder when 227 is divided by c?
26
Let z(f) be the first derivative of f**4/4 - 6*f**3 - 41*f**2/2 + 36*f + 21. Calculate the remainder when 44 is divided by z(20).
12
Suppose 0 = w - 5*h - 90, -5*w - 19*h + 16*h + 310 = 0. Calculate the remainder when (-2388)/(-16) + w/(-52) is divided by 15.
13
Suppose 0 = 4*y + 2*g - 422, 16 = 2*g + 18. Calculate the remainder when 421 is divided by y.
103
Suppose -x = s + 634, -x + 12*s = 10*s + 622. Let c = -534 - x. Let p(h) = 7*h - 9. What is the remainder when c is divided by p(6)?
30
Suppose -x - 5*f - 26 = 0, -24 = x - 2*x + 5*f. Calculate the remainder when 49 is divided by x + 546/48 + (-3)/8.
9
Suppose -87*k + 79*k + 1200 = 0. What is the remainder when 1183 is divided by k?
133
Suppose -5*d + 10 = -5. Let g(q) = q**3 - 2*q**2 - 5*q + 6. Let o be g(d). Suppose o = l + l - 44. Calculate the remainder when l is divided by 8.
6
Let w be (0 + (-8)/6)*(-30)/10. Suppose -w*p = 178 - 194. Calculate the remainder when 84 is divided by p.
0
Let u(i) = i**2 - 20*i - 267. Let v = -19 + 28. What is the remainder when u(30) is divided by v?
6
Suppose -2*w = -3*s + 4*s - 17, 3*w + 3*s = 21. Let i be 4/(-10) - (-44)/w. Suppose 0 = i*y - 23 - 25. What is the remainder when 59 is divided by y?
11
Suppose 7*a + 55 = -4*a. Calculate the remainder when 33 is divided by (-2652)/(-130) - (-2)/a.
13
Let p = 72 - 72. Suppose -3*m - 12 = -j, -4*j + 14 = -4*m - 10. Calculate the remainder when (10 - (p + m)) + 6/2 is divided by 4.
0
Suppose 7*n + 18 = 10*n. Let k(x) = -x**3 + 17*x**2 - 31*x + 17. Let m be k(15). Suppose m*i = n*i - 32. Calculate the remainder when 19 is divided by i.
3
Suppose -17*o - 4191 = -26206. Suppose 3*a = 8*a - o. Let n(p) = p**3 + 39*p**2 - 43*p - 94. What is the remainder when a is divided by n(-40)?
25
Let h = 249745 - 249672. Let x be 1 + 0 - -167*1. Suppose 5*m - x - 22 = 0. What is the remainder when h is divided by m?
35
What is the remainder when 130 is divided by 426/(-355)*(-660)/9?
42
Let t = 4058 - 4021. What is the remainder when 214 is divided by t?
29
Let f = -109 - -25. Let w = f + 178. Calculate the remainder when w is divided by 14.
10
Suppose 200*x - 8780 = -186*x + 376*x. Calculate the remainder when x is divided by 876.
2
Suppose 649*d = 652*d - 18. Let m = 7 + 4. Suppose -y + 0*y + m = 0. Calculate the remainder when y is divided by d.
5
Suppose -1398 = -327*z + 13317. Calculate the remainder when 11427 is divided by z.
42
Let q(a) = -3*a + 10. Let i be q(-15). Let n = 118 - i. Calculate the remainder when n is divided by 34.
29
Suppose 145*g = -24*g + 1321411. What is the remainder when g is divided by 46?
45
Let s(u) = -19*u**2 - 4*u + 28. Let l(d) = 57*d**2 + 13*d - 84. Let q(i) = 4*l(i) + 11*s(i). What is the remainder when q(3) is divided by 14?
13
Let a = -579 - -598. Calculate the remainder when 317 is divided by a.
13
Let x(r) = -r**2 - 18*r - 38. Let f = -139 + 131. Calculate the remainder when 207 is divided by x(f).
39
What is the remainder when 988 is divided by 2 + 0 - (-292 + 194)?
88
Let i = -713 - -812. What is the remainder when 399 is divided by i?
3
Let s(l) = 2*l**2 - 6*l + 7. Suppose -20*w - 87 - 893 = 0. Let n = 63 + w. What is the remainder when s(5) is divided by n?
13
Let v(m) = -76*m + 8. Let g(x) = -76*x + 9. Let r(j) = 3*g(j) - 4*v(j). Let p be r(1). Let a = -62 + p. What is the remainder when a is divided by 7?
2
Calculate the remainder when 214 is divided by 197 - (-12 - -6 - -1).
12
Let q(x) = 6*x - 41. Let l be 213/15 - (1 - (-4)/(-5)). Let i be ((-24)/42*5)/((-4)/l). What is the remainder when 54 is divided by q(i)?
16
Suppose -2*r - 174 = -3*p, -3*p - 4*r - 236 = -7*p. What is the remainder when 3638 is divided by p?
54
Let i = 57 - 9. What is the remainder when (-47 - 0)*(-1 - 1) is divided by i?
46
Suppose -a = -3*p + 2487, -1087 = -3*p + 5*a + 1388. Calculate the remainder when p is divided by 117.
11
Suppose -234 - 180 = -46*q. What is the remainder when 76 is divided by q?
4
Let d = -580 - -274. Calculate the remainder when 22 is divided by d/(-45) + 12/(-15).
4
Calculate the remainder when (0 - -1)/((2/1077)/((-82)/(-123))) is divided by 23.
14
Let i = 584401 + -584153. Suppose -3*j - 5*z = -254, j = 2*j - 5*z - 78. What is the remainder when i is divided by j?
82
Let k = 16 + -23. Let c be 1 - (-4 + 1) - k. What is the remainder when 23 is divided by 3/(6/(-6)) + c*1?
7
Suppose 200 = 4*r + 5*l, l = 2*l. Suppose 45*y = -198498 + 199308. Calculate the remainder when r is divided by y.
14
Let y(q) = -16*q - 8. Suppose -2*h - 500 = 2*g, -h + 3*g = -3*h - 496. Let l = h + 372. What is the remainder when l is divided by y(-2)?
22
Suppose 0 = -2*f + s - 245, -2*s - 149 = f - 39. Let y be 4 - (-4 + 8)/((-2)/(-106)). Let t = f - y. What is the remainder when t is divided by 30?
28
Let h(x) = x**3 + 7*x**2 + 2. Let y be h(-7). Calculate the remainder when (-70 + y + -5)/(-3 + 2) is divided by 36.
1
Let j be 73/15 + (-2)/30*-2. Suppose -4*a + j*t + 37 = 0, a - 24 = -2*a + 5*t. Let o = a - -31. What is the remainder when 86 is divided by o?
42
Let x(c) = c**2 + c**3 + 4*c**2 + 11 - 49*c + 7*c**2. Calculate the remainder when 137 is divided by x(-15).
66
Suppose 12*w - 230 = 385 + 9. Let g(m) = 202*m**2 - m. Calculate the remainder when g(-1) is divided by w.
47
Suppose 41*z - 1640 = -3*h + 43*z, -5*h = -5*z - 2730. Calculate the remainder when h is divided by 22.
20
What is the remainder when -1 + 1 - -6*(-828)/(-24) is divided by (35 + -1 - 0) + 1?
32
Let i(p) = 162*p + 1116. What is the remainder when i(3) is divided by 145?
7
Suppose -4*l - 9 = -205. Let v(x) be the first derivative of 3*x**2 + 49*x - 80. Calculate the remainder when l is divided by v(-6).
10
Suppose -4*r + 2*r + 14 = 0. Let n = 244 + -102. Let k = 190 - n. Calculate the remainder when k is divided by r.
6
Let s(d) be the third derivative of -d**4/6 - 11*d**3/3 + 4*d**2 + 26. What is the remainder when 27 is divided by s(-11)?
5
Let w(k) = 2*k**3 - 14*k**2 - 40*k + 110. Calculate the remainder when w(9) is divided by 39.
35
Let a = 3717 + -2935. Calculate the remainder when a is divided by 28.
26
Let k = -71 + 75. Suppose -650 = k*z + 9*z. Calculate the remainder when 19 is divided by 730/45 - (3 - z/(-18)).
3
Suppose 128 = 5*o + z, -4*o + 3*o + 37 = 4*z. What is the remainder when 322 is divided by o?
22
Suppose -303*a = -249*a - 21114. Calculate the remainder when a is divided by 25.
16
Suppose -3102 = -104*j + 4282. Calculate the remainder when 155 is divided by j.
13
Suppose -3*x + 898 = -6*w + 5*w, -x + 3*w + 302 = 0. Suppose -13*m = -0*m - x. What is the remainder when 45 is divided by m?
22
Let r(k) = -108*k + 99. What is the remainder when 369 is divided by r(-1)?
162
What is the remainder when 4352 is divided by (-3078)/(-46) - 58/(-15341)*23?
64
What is the remainder when 2097 is divided by (-91)/(-13) - (-6 + -62)?
72
Suppose 11777 + 15723 = 50*q. Let x = q - 471. Calculate the remainder when x is divided by 22.
13
Let k(l) = l**3 + 32*l**2 + 143*l + 33. What is the remainder when k(-9) is divided by 352?
257
Let t(z) = -28*z**2 - 11*z - 43. Let i be t(-7). Let x = -950 - i. Calculate the remainder when 111 is divided by x/14 - (-16)/56.
27
Let z(o) = 9*o**2 + 54*o + 18. Suppose -73 - 39 = -5*u - 2*x, 65 = 3*u - x. What is the remainder when z(-7) is divided by u?
15
Suppose v = -21 + 61. What is the remainder when 18 is divided by (-150)/v*(-8)/3?
8
Let o(v) = -450*v**3 + v**2 + 16*v + 25. What is the remainder when o(-2) is divided by 30?
27
Suppose 3*v + 2288 = 2357. Calculate the remainder when 717 is divided by -3 - v/((-207)/162).
12
Let w = 504 - 503. Calculate the remainder when 55 is divided by w - (-332)/18 - 120/270.
17
Suppose 280 = -4*b + 8*b. Let r(q) = q**2 + 88*q + 273. Calculate the remainder when b is divided by r(-3).
16
Suppose 0 = -4*s - 5*c - 12918 + 32635, -5*s + 2*c = -24704. Calculate the remainder when s is divided by 97.
88
Let a(j) = 